{"id":711103,"date":"2018-05-18T15:58:39","date_gmt":"2018-05-18T13:58:39","guid":{"rendered":"http:\/\/web30.dev-web01.wareconsult.local\/?page_id=711103"},"modified":"2018-05-22T14:08:34","modified_gmt":"2018-05-22T12:08:34","slug":"streitvermeidung-schlichtung-und-mediation","status":"publish","type":"page","link":"https:\/\/notar-setzer.de\/index.php\/taetigkeitsgebiete\/streitvermeidung-schlichtung-und-mediation","title":{"rendered":"Streitvermeidung, Schlichtung und Mediation"},"content":{"rendered":"<p>[vc_row][vc_column][vc_column_text]<strong>Der Notar ist als Tr\u00e4ger eines \u00f6ffentlichen Amtes auf dem gesamten Gebiet der vorsorgenden Rechtspflege t\u00e4tig. Durch seine betreuende und beratende Funktion hilft der Notar in vielf\u00e4ltiger Weise, Streit von vornherein zu vermeiden oder bereits entstandenen Streit im Wege einer einvernehmlichen L\u00f6sung beizulegen.<\/strong><br \/>\nAber auch dort, wo keine Einigung m\u00f6glich ist, kann der Notar aufgrund seiner unabh\u00e4ngigen und unparteiischen Stellung sowie seiner Fachkunde als Schiedsrichter einen Streit entscheiden. Durch die Einschaltung eines Notars k\u00f6nnen meist langwierige und kostentr\u00e4chtige Streitigkeiten vor Gericht vermieden werden.<br \/>\nDurch die Einschaltung des Notars als professionellem Berater im Rahmen eines Vertragsschlusses kommen Streitigkeiten unter den verschiedenen Beteiligten eines Vertrages oft gar nicht erst auf. Dies gilt sowohl f\u00fcr die Beratung durch den Notar, die Erstellung von Entw\u00fcrfen, den eigentlichen Vertragsschluss (Beurkundung) als auch f\u00fcr die Abwicklung (Vollzug) eines Vertrages. In all diesen Phasen ist der Notar, anders als der Rechtsanwalt, den Interessen beider Parteien verpflichtet.<br \/>\nAufgrund seiner gesetzlichen Stellung als unabh\u00e4ngiger und unparteiischer Betreuer der Beteiligten achtet der Notar auf einen gerechten Interessensausgleich aller Vertragsparteien. Die gesetzlichen Aufkl\u00e4rungs-, Pr\u00fcfungs- und Belehrungspflichten sowie die vorgeschriebenen F\u00f6rmlichkeiten nach dem Beurkundungsgesetz tragen dazu bei, dass offene Fragen und Probleme schon vorab und im Zusammenhang mit dem Vertragsschluss gekl\u00e4rt werden. Die notarielle Urkunde wird klar, unzweifelhaft und ohne offene Punkte formuliert. Als \u00f6ffentliche Urkunde erbringt sie den vollen Beweis des beurkundeten Vorgangs, als Vollstreckungstitel erspart sie den Gang zum Gericht.<br \/>\nSowohl aufgrund seiner besonders qualifizierten Ausbildung als auch aufgrund des gesetzlich vorgeschriebenen Beurkundungszwangs verschiedener Vertragstypen erwirbt der Notar in vielen Bereichen ein fundiertes Spezialwissen, das f\u00fcr die sachgerechte Beratung unerl\u00e4sslich ist. Die Wahrscheinlichkeit sp\u00e4terer Streitigkeiten ist daher bei notariellen Vertr\u00e4gen gering.<\/p>\n<p><u>Weiterf\u00fchrende Informationen:<\/u>[\/vc_column_text][\/vc_column][\/vc_row][vc_row][vc_column width=&#8220;1\/3&#8243;]<div class=\"item simple-grid-item vntd-content-box simple-grid-boxed img-hover-effect-zoom caption-align-left vntd-with-arrow item-no-image\"><div class=\"simple-grid-caption vntd-caption\"><a href=\"http:\/\/www.bnotk.de\/Buergerservice\/Informationen\/Streitvermeidung\/ZVUnterwerfung.php\" title=\"Vollstreckungstitel\" target=\"_self\"><h6 class=\"simple-grid-title\">Vollstreckungstitel<\/h6><\/a><a href=\"http:\/\/www.bnotk.de\/Buergerservice\/Informationen\/Streitvermeidung\/ZVUnterwerfung.php\" class=\"simple-grid-btn post-more\">mehr erfahren<\/a><\/div><\/div>[\/vc_column][vc_column width=&#8220;1\/3&#8243;]<div class=\"item simple-grid-item vntd-content-box simple-grid-boxed img-hover-effect-zoom caption-align-left vntd-with-arrow item-no-image\"><div class=\"simple-grid-caption vntd-caption\"><a href=\"http:\/\/www.bnotk.de\/Buergerservice\/Informationen\/Streitvermeidung\/Schiedsrichter.php\" title=\"Schiedsrichter\" target=\"_self\"><h6 class=\"simple-grid-title\">Schiedsrichter<\/h6><\/a><a href=\"http:\/\/www.bnotk.de\/Buergerservice\/Informationen\/Streitvermeidung\/Schiedsrichter.php\" class=\"simple-grid-btn post-more\">mehr erfahren<\/a><\/div><\/div>[\/vc_column][vc_column width=&#8220;1\/3&#8243;]<div class=\"item simple-grid-item vntd-content-box simple-grid-boxed img-hover-effect-zoom caption-align-left vntd-with-arrow item-no-image\"><div class=\"simple-grid-caption vntd-caption\"><a href=\"http:\/\/www.bnotk.de\/Buergerservice\/Informationen\/Streitvermeidung\/Schlichtung.php\" title=\"Schlichtung\" target=\"_self\"><h6 class=\"simple-grid-title\">Schlichtung<\/h6><\/a><a href=\"http:\/\/www.bnotk.de\/Buergerservice\/Informationen\/Streitvermeidung\/Schlichtung.php\" class=\"simple-grid-btn post-more\">mehr erfahren<\/a><\/div><\/div>[\/vc_column][\/vc_row]<\/p>\n","protected":false},"excerpt":{"rendered":"<p>[vc_row][vc_column][vc_column_text]Der Notar ist als Tr\u00e4ger eines \u00f6ffentlichen Amtes auf dem gesamten Gebiet der vorsorgenden Rechtspflege t\u00e4tig. Durch seine betreuende und beratende Funktion hilft der Notar in vielf\u00e4ltiger Weise, Streit von vornherein zu vermeiden oder bereits entstandenen Streit im Wege einer einvernehmlichen L\u00f6sung beizulegen. Aber auch dort, wo keine Einigung m\u00f6glich [&hellip;]<\/p>\n","protected":false},"author":1,"featured_media":0,"parent":198,"menu_order":0,"comment_status":"closed","ping_status":"closed","template":"","meta":{"footnotes":""},"class_list":["post-711103","page","type-page","status-publish","hentry"],"_links":{"self":[{"href":"https:\/\/notar-setzer.de\/index.php\/wp-json\/wp\/v2\/pages\/711103","targetHints":{"allow":["GET"]}}],"collection":[{"href":"https:\/\/notar-setzer.de\/index.php\/wp-json\/wp\/v2\/pages"}],"about":[{"href":"https:\/\/notar-setzer.de\/index.php\/wp-json\/wp\/v2\/types\/page"}],"author":[{"embeddable":true,"href":"https:\/\/notar-setzer.de\/index.php\/wp-json\/wp\/v2\/users\/1"}],"replies":[{"embeddable":true,"href":"https:\/\/notar-setzer.de\/index.php\/wp-json\/wp\/v2\/comments?post=711103"}],"version-history":[{"count":4,"href":"https:\/\/notar-setzer.de\/index.php\/wp-json\/wp\/v2\/pages\/711103\/revisions"}],"predecessor-version":[{"id":711180,"href":"https:\/\/notar-setzer.de\/index.php\/wp-json\/wp\/v2\/pages\/711103\/revisions\/711180"}],"up":[{"embeddable":true,"href":"https:\/\/notar-setzer.de\/index.php\/wp-json\/wp\/v2\/pages\/198"}],"wp:attachment":[{"href":"https:\/\/notar-setzer.de\/index.php\/wp-json\/wp\/v2\/media?parent=711103"}],"curies":[{"name":"wp","href":"https:\/\/api.w.org\/{rel}","templated":true}]}}