{"id":711117,"date":"2018-05-18T16:40:38","date_gmt":"2018-05-18T14:40:38","guid":{"rendered":"http:\/\/web30.dev-web01.wareconsult.local\/?page_id=711117"},"modified":"2022-01-08T18:44:09","modified_gmt":"2022-01-08T17:44:09","slug":"notarkosten","status":"publish","type":"page","link":"https:\/\/notar-setzer.de\/index.php\/terminvorbereitung\/notarkosten","title":{"rendered":"Notarkosten"},"content":{"rendered":"<p>[vc_row][vc_column][vc_column_text]<strong>Die Kosten der Notarinnen und Notare (Geb\u00fchren und Auslagen) sind gesetzlich festgeschrieben. Das Gerichts- und Notarkostengesetz stellt ein besonders soziales Geb\u00fchrensystem auf, das jedermann den Zugang zu notariellen Amtst\u00e4tigkeiten erm\u00f6glicht.<\/strong><\/p>\n<h4>Geb\u00fchrenerhebungspflicht<\/h4>\n<p>Die Notarinnen und Notare sind nach \u00a7 17 Abs. 1 Satz 1 der Bundesnotarordnung verpflichtet, f\u00fcr ihre T\u00e4tigkeit die im Gerichts- und Notarkostengesetz (GNotKG) gesetzlich vorgeschriebenen Geb\u00fchren und Auslagen zu erheben &#8211; nicht mehr und nicht weniger. Geb\u00fchrenvereinbarungen jeder Art sind unzul\u00e4ssig. Regelm\u00e4\u00dfige Gesch\u00e4ftspr\u00fcfungen durch den Pr\u00e4sidenten des Landgerichts bzw. die Notarkasse erstrecken sich auch auf die ordnungsgem\u00e4\u00dfe Geb\u00fchrenerhebung und Kostenvollstreckung, falls erforderlich.<br \/>\nDas Gerichts- und Notarkostengesetz gilt ab dem 1. August 2013. Beurkundungsauftr\u00e4ge, die vor diesem Zeitpunkt erteilt wurden, werden noch nach der Kostenordnung abgerechnet.<\/p>\n<h4>Soziales Geb\u00fchrensystem<\/h4>\n<p>Das Geb\u00fchrensystem des GNotKG ist sorgf\u00e4ltig austariert. Es f\u00fchrt auch dazu, dass wir Notare viele Amtst\u00e4tigkeiten ohne eine kostendeckende Geb\u00fchr durchf\u00fchren. Dadurch wird gew\u00e4hrleistet, dass jedermann notarielle Beratung und Vertragsgestaltung in Anspruch nehmen kann, unabh\u00e4ngig von Verm\u00f6gen oder Wert des Gesch\u00e4fts.<br \/>\nDas Notarkostenrecht stellt n\u00e4mlich ein besonders soziales Wert-Geb\u00fchrensystem auf, das jedermann den Zugang zu notariellen Amtst\u00e4tigkeiten erm\u00f6glicht.<\/p>\n<h4>Beratung inklusive<\/h4>\n<p>Das notarielle Kostenrecht hat einen weiteren Vorteil f\u00fcr Sie als B\u00fcrgerin oder B\u00fcrger: Unsere Beratung einschlie\u00dflich der Entwurfst\u00e4tigkeit ist in der Beurkundungsgeb\u00fchr enthalten, unabh\u00e4ngig von der Schwierigkeit, dem Aufwand oder der Anzahl der Besprechungstermine.<\/p>\n<h4>G\u00fcnstig<\/h4>\n<p>Eine Harvard-Studie aus dem Jahr 2007 zur Kostenstruktur, Qualit\u00e4t und Effizienz typischer Grundst\u00fcckstransaktionen in Deutschland, Frankreich, England, Schweden, Estland und den Vereinigten Staaten hat ergeben: Wir Notarinnen und Notare in Deutschland gew\u00e4hrleisten nicht nur in hohem Ma\u00dfe Rechtssicherheit, sondern sind im internationalen Vergleich auch sehr g\u00fcnstig.[\/vc_column_text][\/vc_column][\/vc_row][vc_row][vc_column width=&#8220;1\/3&#8243;][vc_column_text]<div class=\"item simple-grid-item vntd-content-box simple-grid-boxed img-hover-effect-zoom caption-align-left vntd-with-arrow item-no-image\"><div class=\"simple-grid-caption vntd-caption\"><a href=\"http:\/\/www.bnotk.de\/Buergerservice\/Notarkosten\/Berechnung\/index.php\" title=\"Notarkosten - Berechnung\" target=\"_self\"><h6 class=\"simple-grid-title\">Notarkosten - Berechnung<\/h6><\/a><p class=\"simple-grid-description\">Wonach richtet sich die H\u00f6he der Notarkosten?<\/p><a href=\"http:\/\/www.bnotk.de\/Buergerservice\/Notarkosten\/Berechnung\/index.php\" class=\"simple-grid-btn post-more\">mehr erfahren<\/a><\/div><\/div>[\/vc_column_text][\/vc_column][vc_column width=&#8220;1\/3&#8243;][\/vc_column][vc_column width=&#8220;1\/3&#8243;][\/vc_column][\/vc_row][vc_row][vc_column][vc_column_text]<div class=\"special-heading vntd-heading heading-no-border heading-align-left\"><h4 class=\"special-heading-title\">Beispiele<\/h4><\/div>[\/vc_column_text][\/vc_column][\/vc_row][vc_row][vc_column width=&#8220;1\/3&#8243;][vc_column_text]<div class=\"item simple-grid-item vntd-content-box simple-grid-boxed img-hover-effect-zoom caption-align-left vntd-with-arrow item-no-image\"><div class=\"simple-grid-caption vntd-caption\"><a href=\"https:\/\/www.notar.de\/themen\/notarkosten\/beispiele\" title=\"Wohnungskauf\" target=\"_self\"><h6 class=\"simple-grid-title\">Wohnungskauf<\/h6><\/a><a href=\"https:\/\/www.notar.de\/themen\/notarkosten\/beispiele\" class=\"simple-grid-btn post-more\">mehr erfahren<\/a><\/div><\/div><div class=\"item simple-grid-item vntd-content-box simple-grid-boxed img-hover-effect-zoom caption-align-left vntd-with-arrow item-no-image\"><div class=\"simple-grid-caption vntd-caption\"><a href=\"https:\/\/www.notar.de\/themen\/notarkosten\/beispiele\" title=\"Testament\" target=\"_self\"><h6 class=\"simple-grid-title\">Testament<\/h6><\/a><a href=\"https:\/\/www.notar.de\/themen\/notarkosten\/beispiele\" class=\"simple-grid-btn post-more\">mehr erfahren<\/a><\/div><\/div><div class=\"item simple-grid-item vntd-content-box simple-grid-boxed img-hover-effect-zoom caption-align-left vntd-with-arrow item-no-image\"><div class=\"simple-grid-caption vntd-caption\"><a href=\"https:\/\/www.notar.de\/themen\/notarkosten\/beispiele\" title=\"Ehevertrag\" target=\"_self\"><h6 class=\"simple-grid-title\">Ehevertrag<\/h6><\/a><a href=\"https:\/\/www.notar.de\/themen\/notarkosten\/beispiele\" class=\"simple-grid-btn post-more\">mehr erfahren<\/a><\/div><\/div><div class=\"item simple-grid-item vntd-content-box simple-grid-boxed img-hover-effect-zoom caption-align-left vntd-with-arrow item-no-image\"><div class=\"simple-grid-caption vntd-caption\"><a href=\"https:\/\/www.notar.de\/themen\/notarkosten\/beispiele\" title=\"Beratung\" target=\"_self\"><h6 class=\"simple-grid-title\">Beratung<\/h6><\/a><a href=\"https:\/\/www.notar.de\/themen\/notarkosten\/beispiele\" class=\"simple-grid-btn post-more\">mehr erfahren<\/a><\/div><\/div>[\/vc_column_text][\/vc_column][vc_column width=&#8220;1\/3&#8243;][vc_column_text]<div class=\"item simple-grid-item vntd-content-box simple-grid-boxed img-hover-effect-zoom caption-align-left vntd-with-arrow item-no-image\"><div class=\"simple-grid-caption vntd-caption\"><a href=\"https:\/\/www.notar.de\/themen\/notarkosten\/beispiele\" title=\"Finanzierungsgrundschuld\" target=\"_self\"><h6 class=\"simple-grid-title\">Finanzierungsgrundschuld<\/h6><\/a><a href=\"https:\/\/www.notar.de\/themen\/notarkosten\/beispiele\" class=\"simple-grid-btn post-more\">mehr erfahren<\/a><\/div><\/div><div class=\"item simple-grid-item vntd-content-box simple-grid-boxed img-hover-effect-zoom caption-align-left vntd-with-arrow item-no-image\"><div class=\"simple-grid-caption vntd-caption\"><a href=\"https:\/\/www.notar.de\/themen\/notarkosten\/beispiele\" title=\"Erbscheinantrag\" target=\"_self\"><h6 class=\"simple-grid-title\">Erbscheinantrag<\/h6><\/a><a href=\"https:\/\/www.notar.de\/themen\/notarkosten\/beispiele\" class=\"simple-grid-btn post-more\">mehr erfahren<\/a><\/div><\/div><div class=\"item simple-grid-item vntd-content-box simple-grid-boxed img-hover-effect-zoom caption-align-left vntd-with-arrow item-no-image\"><div class=\"simple-grid-caption vntd-caption\"><a href=\"https:\/\/www.notar.de\/themen\/notarkosten\/beispiele\" title=\"GmbH\" target=\"_self\"><h6 class=\"simple-grid-title\">GmbH<\/h6><\/a><a href=\"https:\/\/www.notar.de\/themen\/notarkosten\/beispiele\" class=\"simple-grid-btn post-more\">mehr erfahren<\/a><\/div><\/div>[\/vc_column_text][\/vc_column][vc_column width=&#8220;1\/3&#8243;][vc_column_text]<div class=\"item simple-grid-item vntd-content-box simple-grid-boxed img-hover-effect-zoom caption-align-left vntd-with-arrow item-no-image\"><div class=\"simple-grid-caption vntd-caption\"><a href=\"https:\/\/www.notar.de\/themen\/notarkosten\/beispiele\" title=\"Grunddienstbarkeiten\" target=\"_self\"><h6 class=\"simple-grid-title\">Grunddienstbarkeiten<\/h6><\/a><a href=\"https:\/\/www.notar.de\/themen\/notarkosten\/beispiele\" class=\"simple-grid-btn post-more\">mehr erfahren<\/a><\/div><\/div><div class=\"item simple-grid-item vntd-content-box simple-grid-boxed img-hover-effect-zoom caption-align-left vntd-with-arrow item-no-image\"><div class=\"simple-grid-caption vntd-caption\"><a href=\"https:\/\/www.notar.de\/themen\/notarkosten\/beispiele\" title=\"Vorsorge\" target=\"_self\"><h6 class=\"simple-grid-title\">Vorsorge<\/h6><\/a><a href=\"https:\/\/www.notar.de\/themen\/notarkosten\/beispiele\" class=\"simple-grid-btn post-more\">mehr erfahren<\/a><\/div><\/div><div class=\"item simple-grid-item vntd-content-box simple-grid-boxed img-hover-effect-zoom caption-align-left vntd-with-arrow item-no-image\"><div class=\"simple-grid-caption vntd-caption\"><a href=\"https:\/\/www.notar.de\/themen\/notarkosten\/beispiele\" title=\"Registeranmeldung\" target=\"_self\"><h6 class=\"simple-grid-title\">Registeranmeldung<\/h6><\/a><a href=\"https:\/\/www.notar.de\/themen\/notarkosten\/beispiele\" class=\"simple-grid-btn post-more\">mehr erfahren<\/a><\/div><\/div>[\/vc_column_text][\/vc_column][\/vc_row][vc_row][vc_column][vc_column_text]<div class=\"special-heading vntd-heading heading-no-border heading-align-left\"><h4 class=\"special-heading-title\">Reform und Harvard-Studie<\/h4><\/div>[\/vc_column_text][\/vc_column][\/vc_row][vc_row][vc_column width=&#8220;1\/3&#8243;][vc_column_text]<div class=\"item simple-grid-item vntd-content-box simple-grid-boxed img-hover-effect-zoom caption-align-left vntd-with-arrow item-no-image\"><div class=\"simple-grid-caption vntd-caption\"><a href=\"http:\/\/www.bnotk.de\/Buergerservice\/Notarkosten\/Reform\/index.php\" title=\"Reform\" target=\"_self\"><h6 class=\"simple-grid-title\">Reform<\/h6><\/a><a href=\"http:\/\/www.bnotk.de\/Buergerservice\/Notarkosten\/Reform\/index.php\" class=\"simple-grid-btn post-more\">mehr erfahren<\/a><\/div><\/div>[\/vc_column_text][\/vc_column][vc_column width=&#8220;1\/3&#8243;][vc_column_text]<div class=\"item simple-grid-item vntd-content-box simple-grid-boxed img-hover-effect-zoom caption-align-left vntd-with-arrow item-no-image\"><div class=\"simple-grid-caption vntd-caption\"><a href=\"http:\/\/www.bnotk.de\/Buergerservice\/Notarkosten\/Studie\/index.php\" title=\"Harvard-Studie\" target=\"_self\"><h6 class=\"simple-grid-title\">Harvard-Studie<\/h6><\/a><a href=\"http:\/\/www.bnotk.de\/Buergerservice\/Notarkosten\/Studie\/index.php\" class=\"simple-grid-btn post-more\">mehr erfahren<\/a><\/div><\/div>[\/vc_column_text][\/vc_column][vc_column width=&#8220;1\/3&#8243;][\/vc_column][\/vc_row]<\/p>\n","protected":false},"excerpt":{"rendered":"<p>[vc_row][vc_column][vc_column_text]Die Kosten der Notarinnen und Notare (Geb\u00fchren und Auslagen) sind gesetzlich festgeschrieben. Das Gerichts- und Notarkostengesetz stellt ein besonders soziales Geb\u00fchrensystem auf, das jedermann den Zugang zu notariellen Amtst\u00e4tigkeiten erm\u00f6glicht. Geb\u00fchrenerhebungspflicht Die Notarinnen und Notare sind nach \u00a7 17 Abs. 1 Satz 1 der Bundesnotarordnung verpflichtet, f\u00fcr ihre T\u00e4tigkeit die [&hellip;]<\/p>\n","protected":false},"author":1,"featured_media":0,"parent":936,"menu_order":0,"comment_status":"closed","ping_status":"closed","template":"","meta":{"footnotes":""},"class_list":["post-711117","page","type-page","status-publish","hentry"],"_links":{"self":[{"href":"https:\/\/notar-setzer.de\/index.php\/wp-json\/wp\/v2\/pages\/711117","targetHints":{"allow":["GET"]}}],"collection":[{"href":"https:\/\/notar-setzer.de\/index.php\/wp-json\/wp\/v2\/pages"}],"about":[{"href":"https:\/\/notar-setzer.de\/index.php\/wp-json\/wp\/v2\/types\/page"}],"author":[{"embeddable":true,"href":"https:\/\/notar-setzer.de\/index.php\/wp-json\/wp\/v2\/users\/1"}],"replies":[{"embeddable":true,"href":"https:\/\/notar-setzer.de\/index.php\/wp-json\/wp\/v2\/comments?post=711117"}],"version-history":[{"count":9,"href":"https:\/\/notar-setzer.de\/index.php\/wp-json\/wp\/v2\/pages\/711117\/revisions"}],"predecessor-version":[{"id":711424,"href":"https:\/\/notar-setzer.de\/index.php\/wp-json\/wp\/v2\/pages\/711117\/revisions\/711424"}],"up":[{"embeddable":true,"href":"https:\/\/notar-setzer.de\/index.php\/wp-json\/wp\/v2\/pages\/936"}],"wp:attachment":[{"href":"https:\/\/notar-setzer.de\/index.php\/wp-json\/wp\/v2\/media?parent=711117"}],"curies":[{"name":"wp","href":"https:\/\/api.w.org\/{rel}","templated":true}]}}