{"id":711321,"date":"2019-10-14T09:23:22","date_gmt":"2019-10-14T07:23:22","guid":{"rendered":"http:\/\/www.neu.notar-setzer.de\/?page_id=711321"},"modified":"2025-01-16T18:26:08","modified_gmt":"2025-01-16T17:26:08","slug":"notariatsreform","status":"publish","type":"page","link":"https:\/\/notar-setzer.de\/index.php\/kanzlei\/notariatsreform","title":{"rendered":"Notariatsreform 2018"},"content":{"rendered":"<p>[vc_row][vc_column][vc_column_text]Aufgrund der Neuordnung des Notariatswesens in Baden-W\u00fcrttemberg wurden zum <strong>01.01.2018<\/strong> alle bisherigen rund 300 <strong>staatlichen Notariate aufgel\u00f6st<\/strong>, so dass Beurkundungen ausschlie\u00dflich von freiberuflich t\u00e4tigen Notarinnen und Notaren wahrgenommen werden.<\/p>\n<p>F\u00fcr <strong>Betreuungsangelegenheiten <\/strong>sind seit dem 01.01.2018 &#8211; wie im \u00fcbrigen Bundesgebiet auch &#8211; die Amtsgerichte zust\u00e4ndig.<\/p>\n<p><span style=\"font-size: revert; color: initial;\">Die <strong>Nachlassakten <\/strong>befinden sich seitdem bei denjenigen Amtsgerichten, bei denen zugleich das Familiengericht angesiedelt ist. F\u00fcr Todesf\u00e4lle, bei denen der Verstorbene seinen letzten gew\u00f6hnlichen Aufenthalt z.B. im Bereich des Amtsgerichtsbezirks Tuttlingen hatte, wenden Sie sich bitte an das <strong>Amtsgericht Tuttlingen, Werderstr. 8, 78532 Tuttlingen<\/strong>. F\u00fcr die Beurkundung von Erbscheinsantr\u00e4gen oder Ausschlagungserkl\u00e4rungen stehen Ihnen neben dem Amtsgericht auch die Notarinnen und Notare zur Verf\u00fcgung. <\/span><span style=\"font-size: revert; color: initial;\">[\/vc_column_text][\/vc_column][\/vc_row]<\/span><\/p>\n","protected":false},"excerpt":{"rendered":"<p>[vc_row][vc_column][vc_column_text]Aufgrund der Neuordnung des Notariatswesens in Baden-W\u00fcrttemberg wurden zum 01.01.2018 alle bisherigen rund 300 staatlichen Notariate aufgel\u00f6st, so dass Beurkundungen ausschlie\u00dflich von freiberuflich t\u00e4tigen Notarinnen und Notaren wahrgenommen werden. F\u00fcr Betreuungsangelegenheiten sind seit dem 01.01.2018 &#8211; wie im \u00fcbrigen Bundesgebiet auch &#8211; die Amtsgerichte zust\u00e4ndig. Die Nachlassakten befinden sich seitdem [&hellip;]<\/p>\n","protected":false},"author":3,"featured_media":0,"parent":711029,"menu_order":100,"comment_status":"closed","ping_status":"closed","template":"","meta":{"footnotes":""},"class_list":["post-711321","page","type-page","status-publish","hentry"],"_links":{"self":[{"href":"https:\/\/notar-setzer.de\/index.php\/wp-json\/wp\/v2\/pages\/711321","targetHints":{"allow":["GET"]}}],"collection":[{"href":"https:\/\/notar-setzer.de\/index.php\/wp-json\/wp\/v2\/pages"}],"about":[{"href":"https:\/\/notar-setzer.de\/index.php\/wp-json\/wp\/v2\/types\/page"}],"author":[{"embeddable":true,"href":"https:\/\/notar-setzer.de\/index.php\/wp-json\/wp\/v2\/users\/3"}],"replies":[{"embeddable":true,"href":"https:\/\/notar-setzer.de\/index.php\/wp-json\/wp\/v2\/comments?post=711321"}],"version-history":[{"count":7,"href":"https:\/\/notar-setzer.de\/index.php\/wp-json\/wp\/v2\/pages\/711321\/revisions"}],"predecessor-version":[{"id":711578,"href":"https:\/\/notar-setzer.de\/index.php\/wp-json\/wp\/v2\/pages\/711321\/revisions\/711578"}],"up":[{"embeddable":true,"href":"https:\/\/notar-setzer.de\/index.php\/wp-json\/wp\/v2\/pages\/711029"}],"wp:attachment":[{"href":"https:\/\/notar-setzer.de\/index.php\/wp-json\/wp\/v2\/media?parent=711321"}],"curies":[{"name":"wp","href":"https:\/\/api.w.org\/{rel}","templated":true}]}}